73 is divided by 60.
33
What is the remainder when 372 is divided by 94?
90
What is the remainder when 866 is divided by 66?
8
Calculate the remainder when 10299 is divided by 51.
48
Calculate the remainder when 2110 is divided by 153.
121
Calculate the remainder when 2092 is divided by 42.
34
What is the remainder when 407 is divided by 51?
50
What is the remainder when 364 is divided by 8?
4
Calculate the remainder when 24 is divided by 22.
2
What is the remainder when 305 is divided by 15?
5
Calculate the remainder when 1247 is divided by 5.
2
Calculate the remainder when 185 is divided by 61.
2
What is the remainder when 49 is divided by 7?
0
Calculate the remainder when 3067 is divided by 52.
51
Calculate the remainder when 68 is divided by 29.
10
Calculate the remainder when 8180 is divided by 44.
40
What is the remainder when 59 is divided by 25?
9
Calculate the remainder when 589 is divided by 24.
13
Calculate the remainder when 102 is divided by 34.
0
Calculate the remainder when 281 is divided by 11.
6
What is the remainder when 280 is divided by 181?
99
What is the remainder when 691 is divided by 143?
119
What is the remainder when 9477 is divided by 51?
42
Calculate the remainder when 1753 is divided by 65.
63
What is the remainder when 1070 is divided by 8?
6
Calculate the remainder when 8801 is divided by 163.
162
What is the remainder when 145 is divided by 63?
19
Calculate the remainder when 2013 is divided by 38.
37
What is the remainder when 32 is divided by 18?
14
What is the remainder when 569 is divided by 132?
41
Calculate the remainder when 321 is divided by 36.
33
Calculate the remainder when 153 is divided by 54.
45
Calculate the remainder when 2142 is divided by 32.
30
Calculate the remainder when 1913 is divided by 55.
43
Calculate the remainder when 47 is divided by 3.
2
Calculate the remainder when 214 is divided by 43.
42
What is the remainder when 100 is divided by 16?
4
What is the remainder when 460 is divided by 456?
4
What is the remainder when 754 is divided by 108?
106
What is the remainder when 327 is divided by 111?
105
Calculate the remainder when 2984 is divided by 91.
72
Calculate the remainder when 3316 is divided by 166.
162
What is the remainder when 35 is divided by 5?
0
What is the remainder when 120 is divided by 17?
1
What is the remainder when 68 is divided by 7?
5
Calculate the remainder when 454 is divided by 12.
10
Calculate the remainder when 467 is divided by 140.
47
Calculate the remainder when 588 is divided by 185.
33
What is the remainder when 28 is divided by 13?
2
Calculate the remainder when 707 is divided by 82.
51
Calculate the remainder when 11929 is divided by 123.
121
Calculate the remainder when 110 is divided by 33.
11
Calculate the remainder when 2368 is divided by 2361.
7
Calculate the remainder when 125 is divided by 32.
29
Calculate the remainder when 181 is divided by 35.
6
What is the remainder when 8673 is divided by 36?
33
What is the remainder when 5559 is divided by 8?
7
Calculate the remainder when 205 is divided by 60.
25
Calculate the remainder when 1727 is divided by 3.
2
What is the remainder when 233 is divided by 20?
13
What is the remainder when 791 is divided by 8?
7
Calculate the remainder when 354 is divided by 110.
24
Calculate the remainder when 36 is divided by 14.
8
What is the remainder when 123 is divided by 52?
19
What is the remainder when 102 is divided by 55?
47
What is the remainder when 2387 is divided by 141?
131
What is the remainder when 2915 is divided by 363?
11
What is the remainder when 133 is divided by 45?
43
Calculate the remainder when 296 is divided by 81.
53
Calculate the remainder when 97 is divided by 28.
13
Calculate the remainder when 56 is divided by 35.
21
Calculate the remainder when 684 is divided by 316.
52
Calculate the remainder when 145 is divided by 76.
69
What is the remainder when 13 is divided by 8?
5
What is the remainder when 57 is divided by 17?
6
Calculate the remainder when 1329 is divided by 150.
129
Calculate the remainder when 142 is divided by 9.
7
Calculate the remainder when 76 is divided by 26.
24
What is the remainder when 1652 is divided by 137?
8
Calculate the remainder when 164 is divided by 15.
14
Calculate the remainder when 62 is divided by 9.
8
What is the remainder when 499 is divided by 177?
145
Calculate the remainder when 167 is divided by 27.
5
What is the remainder when 641 is divided by 149?
45
Calculate the remainder when 424 is divided by 10.
4
Calculate the remainder when 1484 is divided by 99.
98
Calculate the remainder when 826 is divided by 261.
43
Calculate the remainder when 417 is divided by 140.
137
What is the remainder when 579 is divided by 172?
63
Calculate the remainder when 357 is divided by 33.
27
Calculate the remainder when 298 is divided by 10.
8
What is the remainder when 207 is divided by 106?
101
What is the remainder when 143 is divided by 24?
23
Calculate the remainder when 94 is divided by 43.
8
What is the remainder when 296 is divided by 12?
8
What is the remainder when 21605 is divided by 39?
38
Calculate the remainder when 11 is divided by 8.
3
Calculate the remainder when 7408 is divided by 114.
112
What is the remainder when 619 is divided by 5?
4
Calculate the remainder when 266 is divided by 74.
44
Calculate the remainder when 141 is divided by 118.
23
Calculate the remainder when 3001 is divided by 33.
31
Calculate the remainder when 47 is divided by 27.
20
Calculate the remainder when 376 is divided by 157.
62
Calculate the remainder when 2077 is divided by 21.
19
Calculate the remainder when 25 is divided by 10.
5
What is the remainder when 3650 is divided by 44?
42
Calculate the remainder when 540 is divided by 39.
33
What is the remainder when 223 is divided by 52?
15
What is the remainder when 673 is divided by 15?
13
What is the remainder when 319 is divided by 142?
35
Calculate the remainder when 1615 is divided by 736.
143
What is the remainder when 148 is divided by 8?
4
Calculate the remainder when 506 is divided by 144.
74
Calculate the remainder when 542 is divided by 17.
15
What is the remainder when 1311 is divided by 274?
215
Calculate the remainder when 78 is divided by 3.
0
Calculate the remainder when 301 is divided by 38.
35
What is the remainder when 1016 is divided by 337?
5
Calculate the remainder when 98 is divided by 5.
3
Calculate the remainder when 610 is divided by 179.
73
Calculate the remainder when 1053 is divided by 149.
10
What is the remainder when 205 is divided by 83?
39
What is the remainder when 693 is divided by 112?
21
Calculate the remainder when 1662 is divided by 103.
14
Calculate the remainder when 86 is divided by 25.
11
What is the remainder when 308 is divided by 3?
2
What is the remainder when 109 is divided by 57?
52
What is the remainder when 557 is divided by 548?
9
Calculate the remainder when 255 is divided by 91.
73
Calculate the remainder when 828 is divided by 17.
12
Calculate the remainder when 40 is divided by 22.
18
What is the remainder when 220 is divided by 90?
40
Calculate the remainder when 6768 is divided by 1127.
6
Calculate the remainder when 39752 is divided by 7.
6
What is the remainder when 141 is divided by 65?
11
What is the remainder when 208 is divided by 15?
13
What is the remainder when 4199 is divided by 25?
24
What is the remainder when 3885 is divided by 1272?
69
What is the remainder when 2185 is divided by 169?
157
Calculate the remainder when 630 is divided by 342.
288
What is the remainder when 118 is divided by 11?
8
What is the remainder when 3022 is divided by 336?
334
Calculate the remainder when 2769 is divided by 32.
17
What is the remainder when 122 is divided by 41?
40
Calculate the remainder when 165 is divided by 28.
25
What is the remainder when 334 is divided by 14?
12
Calculate the remainder when 559 is divided by 36.
19
What is the remainder when 2427 is divided by 18?
15
What is the remainder when 5344 is divided by 81?
79
What is the remainder when 884 is divided by 111?
107
Calculate the remainder when 320 is divided by 81.
77
Calculate the remainder when 4039 is divided by 9.
7
Calculate the remainder when 35 is divided by 18.
17
What is the remainde